uppose -2*i - 312 = -4*i + 3*w, -3*w + 12 = 0. Calculate the greatest common divisor of i and 270.
54
Let l = 27 - 12. Suppose -18*r + 12 = -l*r. Let h be (33 + -2 + r)/1. What is the highest common divisor of h and 7?
7
Let l(i) = 3*i**2 + 27*i + 3. Let u be l(-9). Let w be 9 + (-2 + 2)/2. What is the highest common divisor of u and w?
3
Suppose 5*o + 3*x = 350, 0 = 9*x - 7*x. Calculate the greatest common factor of o and 10.
10
Suppose 2*l + 8 = -4*x + l, -11 = 3*x + 2*l. Let o be (-5)/x - (-1 + 3). Let r = 6 - -18. What is the highest common divisor of o and r?
3
Suppose -2*y - y = z - 43, 3*z - 17 = -2*y. Let m = y - 11. Suppose -m*d + 2*x + 15 = 0, 3*x + 0*x = 0. Calculate the greatest common factor of 9 and d.
3
Suppose 291*u - 31*u - 3059 = 4221. Let b = 1 - -5. Let p be 1 + b/4*4. Calculate the highest common divisor of u and p.
7
Suppose -x - 755 = -821. What is the highest common factor of 99 and x?
33
Suppose -40*d = 29*d - 207. Let o(b) = 4*b + 3. Let w be o(3). Calculate the highest common factor of d and w.
3
Let i = 145 - 77. Let y = -340 + 442. What is the highest common divisor of y and i?
34
Let b be 30/(-18) - -1 - (-2679)/9. Calculate the highest common factor of b and 55.
11
Suppose 14 = 5*r - 3*k, -2*r + k + 5 + 1 = 0. Suppose r*h = -26 + 482. What is the greatest common factor of 38 and h?
38
Let g = 61 + 14. Calculate the greatest common divisor of 90 and g.
15
Let q(i) = -i**3 + 2*i + 1. Let g be q(-2). Suppose 22 = 2*t - g*z, t + 3*z + 26 = 3*t. What is the highest common divisor of t and 16?
16
Let p(i) = i**2 + 2. Let o(b) = 4*b**2 - 11*b - 3. Let w(d) = -o(d) + 5*p(d). Let y = -21 - -8. Let r be w(y). What is the highest common factor of 26 and r?
13
Let c(u) = -u**2 - 6*u + 5. Let l be c(-5). Let w = l - 7. Let o = 7 + w. Calculate the greatest common divisor of 40 and o.
10
Let z(n) = 6*n - 7. Let b be z(2). Suppose 77 = b*g - 473. What is the highest common factor of g and 44?
22
Let j = 1 + 3. Suppose 5*v - 5*i = 210, 4*v - j*i - 84 = 2*v. Suppose 3*b = 15 + 48. Calculate the greatest common factor of b and v.
21
Suppose 4*m - 8 = 2*m - 4*p, -5*p + 31 = -m. Let k be (-92)/m - 2/6. Calculate the highest common factor of k and 30.
15
Let b be (-128 + (-1 - -1))/(112/(-280)). Calculate the highest common factor of b and 16.
16
Let t = -135 - -153. Calculate the greatest common factor of 2 and t.
2
Let s be 3/((-3)/(-5)) + 4. Let h be ((s - 3) + -3)*12/9. What is the highest common factor of 16 and h?
4
Suppose 0 = h + 2*r - 214, 3*r - 23 = -h + 193. What is the highest common factor of h and 60?
30
Let f(o) = -4*o + 8. Let q be f(-6). Let k = q - 30. Let z(t) = -14*t**3 - t**2 - 2*t - 1. Let l be z(-1). What is the highest common divisor of l and k?
2
Let u(b) = 5*b**2 + 42*b + 206. Let n be u(-5). Suppose 0 = -4*o + 2*f + 38, -4*o = 5*f + 17 - 76. What is the greatest common divisor of o and n?
11
Let g be (7/(21/6)*1)/1. Suppose g*l - 1953 = -5*l. Calculate the greatest common divisor of l and 31.
31
Let v = -192 + 200. Calculate the greatest common factor of v and 104.
8
Let i = -342 - -378. Calculate the greatest common divisor of 144 and i.
36
Let m(a) = -a**3 + 5*a**2 - 3*a - 3. Let i be m(4). Suppose 67 + 31 = 14*z. What is the highest common factor of z and i?
1
Let t(g) = -5*g - 1. Let l be t(-1). Suppose 0 = -l*j + 18 + 6. Suppose 5*n = 5*i + 325, n + 6*i = 2*i + 70. What is the greatest common divisor of j and n?
6
Suppose -2*b - 5*l = -8*l + 25, l = -4*b - 15. Let y be (-66)/b - (-3)/(-15). Calculate the highest common factor of y and 52.
13
Let w be (-110)/1*7/(28/(-4)). Calculate the highest common factor of w and 44.
22
Suppose -8*z - 85 = 115. Let g = z - -60. What is the greatest common factor of 5 and g?
5
Let h = -31 + 46. What is the highest common factor of 375 and h?
15
Let k = 282 - 258. What is the greatest common factor of 136 and k?
8
Let c = -29 - -41. Suppose 51 = 4*x + l, -x + 4*l - 24 = -2*x. Calculate the greatest common factor of c and x.
12
Let d(m) = m**2 - 14*m + 14. Let x be d(14). Suppose x*k = -650 + 1910. Calculate the greatest common divisor of k and 10.
10
Let x be 7/(3/18*1). Let a = x - 21. Suppose -6 - 5 = -b - 3*h, 3*b = -5*h + a. Calculate the highest common divisor of 2 and b.
2
Let r = -16 + 40. Let o = r + 9. Suppose 4*j + 5 = 3*t, 18 = 5*t + 5*j - 2*j. Calculate the highest common divisor of t and o.
3
Suppose 7 + 11 = 3*p. Let r = p + 6. Calculate the greatest common factor of 12 and r.
12
Let j(i) = i + 3 + 4 - 12*i - i**3 + 10*i**2. Let y be j(7). Suppose 5*g + y = 2*c - 0*g, c + g - 35 = 0. What is the highest common factor of 90 and c?
18
Suppose -10 = 2*i, -38 = -3*x - 0*x - 2*i. Suppose x = 5*v + 1. Suppose 78 = v*l - 0*l. What is the greatest common factor of l and 65?
13
Let w be (11/(-3))/(10/(-30)). What is the greatest common divisor of w and 11?
11
Suppose 6*u - 3*u = 6. Suppose -3*l = -3*j + 24, -3*j + 4*l + 21 = -4. Let q be 2/4 + j/2. Calculate the greatest common factor of q and u.
2
Suppose -16*z - 376 = -1208. Let o = 245 + -115. Suppose -2*a = -7*a + o. What is the highest common divisor of z and a?
26
Let x be ((3 - -78)/(-3) - 5)*-4. Calculate the greatest common divisor of x and 24.
8
Let w(j) = -16*j - 12. Let c be w(-6). Suppose 88*g - c*g = 672. What is the highest common factor of 28 and g?
28
Suppose 0 = -7*l - 286 - 71. Let d = l - -78. Let f be 2/(-5) + (-2164)/(-10). What is the greatest common factor of d and f?
27
Suppose 735 + 183 = 9*c. Calculate the highest common factor of 238 and c.
34
Suppose -3*s - 2*d + 3 = -7, 0 = -s - 3*d - 6. Suppose 206 = -5*r + 2251. Suppose 0 = -7*p + r + 11. What is the highest common divisor of s and p?
6
Let f = -36745 + 36754. Let n = 64 + -44. Suppose v + v + n = 5*m, -17 = -2*m - v. Calculate the highest common divisor of f and m.
3
Let k be (-1600)/(-14) - 12/42. Suppose -k = -4*h - 2*i, -54 = -h - h + 2*i. What is the greatest common divisor of h and 4?
4
Suppose -d + t = -7, -2*d - t - 1 = -3. Suppose 32 = d*l - 4. Calculate the highest common divisor of l and 60.
12
Suppose -s + 32 = -3*t, 4*s + 2*t - 94 - 6 = 0. Suppose 0 = 19*r - s*r + 238. Calculate the highest common divisor of r and 17.
17
Suppose -14*r - 2*u + 126 = -12*r, -2*u - 6 = 0. Calculate the highest common factor of 55 and r.
11
Suppose -5*y + 3*d = -66, 3*y - 45 = -d + 3. Suppose 4*c - 9 = 3. Calculate the greatest common factor of c and y.
3
Suppose -15*g + 146 = -139. Calculate the greatest common divisor of g and 1.
1
Let v = 4 + 2. Let k(b) = 2*b. Suppose 3*g - 4 = -1. Let c be k(g). Calculate the highest common divisor of v and c.
2
Let n(t) = t**3 + 8*t**2 - 4*t + 6. Let l be n(-6). Calculate the greatest common divisor of 884 and l.
34
Suppose -121 = -13*s + 165. Let r(g) = 3*g**2 - 2*g + 1. Let b be r(3). Calculate the greatest common factor of b and s.
22
Let d(h) = h**2 + 2*h + 3. Let j be d(0). Suppose -n - 9 = b - j*b, b + 2*n = 12. What is the highest common divisor of b and 54?
6
Let c(f) = f**3 - 7*f**2 + 2*f + 8. Let a be c(7). Suppose 0 = -a*g + 20*g + 72. Let n = -15 + g. Calculate the highest common factor of n and 21.
21
Let g(m) = -63*m - 150. Let v be g(-3). Suppose 0*p - 3*p = 0. Let l be p + 1*(0 - -13). Calculate the highest common factor of v and l.
13
Let o(a) = 8*a**2 - 8*a - 6. Let h be o(4). Let x = h - -24. What is the greatest common factor of x and 19?
19
Let d be (-11)/4 + 2 - (-2012)/16. What is the greatest common factor of 10 and d?
5
Suppose q + 20 = 6*q. Calculate the highest common divisor of 2 and q.
2
Let m(p) = -p**3 + 8*p**2 + 30*p + 2. Let r be m(10). Calculate the greatest common factor of r and 12.
6
Let g(j) = j + 1. Let b(v) = -v**2 + 2*v - 3. Let u(x) = -b(x) - 3*g(x). Let z be u(3). Let f be 4/(-6)*(z - 0). What is the highest common factor of 20 and f?
4
Suppose 5*w + 5 = 15. Suppose 0 = -t - 3*t + m + 51, -3*m = -3*t + 27. What is the greatest common factor of t and w?
2
Let u = -4039 - -6307. What is the greatest common factor of 168 and u?
84
Let m be (6 + -1 - -823)*(-3)/(-6). Calculate the highest common divisor of 23 and m.
23
Let v = 355 - 353. Let o(q) be the second derivative of 7*q**5/20 + q**3/6 - q**2 - 2*q. Let k be o(v). Calculate the highest common factor 